is -200 + 1220020?
1212120
In base 12, what is 261 + 4ab?
750
In base 13, what is -5 - -16787?
16782
In base 14, what is 40a866 - 4?
40a862
In base 7, what is -46652256 - -2?
-46652254
In base 11, what is 161 + 2a2?
453
In base 12, what is -99b - 48?
-a27
In base 14, what is -121 + 60b?
4ca
In base 9, what is -1586 - -658?
-827
In base 12, what is 1 + ba067?
ba068
In base 2, what is 11 + 1011011101?
1011100000
In base 15, what is 0 + -3d64?
-3d64
In base 2, what is 110000001111101010 + -1111?
110000001111011011
In base 14, what is 55246 - 4?
55242
In base 3, what is -101022102211 + 1?
-101022102210
In base 10, what is 908954 + 4?
908958
In base 14, what is 17 + c3d?
c56
In base 15, what is 1e0 - -b1?
2a1
In base 5, what is 1324101 - 110?
1323441
In base 4, what is -2 + 3021133?
3021131
In base 4, what is 10 + -1102031013?
-1102031003
In base 11, what is -13 - -933?
920
In base 11, what is 21 + 7484?
74a5
In base 13, what is -1 - 142b7?
-142b8
In base 9, what is -3 - 2462044?
-2462047
In base 9, what is 161321 - 0?
161321
In base 16, what is 5 + 87de?
87e3
In base 16, what is 173 - 34d?
-1da
In base 10, what is 7 + -48?
-41
In base 7, what is -4 + 1062653?
1062646
In base 2, what is 100100000110111 - 100?
100100000110011
In base 15, what is -b72d - 5?
-b733
In base 4, what is 11 - 3101013?
-3101002
In base 11, what is 1aa + -319?
-11a
In base 5, what is 1 - 144321?
-144320
In base 2, what is 1101111010101110010 - -11?
1101111010101110101
In base 16, what is 8e1 - -10f?
9f0
In base 8, what is -340410 - 5?
-340415
In base 4, what is -33230233 + 20?
-33230213
In base 2, what is -1101000101010101 - 0?
-1101000101010101
In base 12, what is 6 - -45373?
45379
In base 9, what is 54486 - 8?
54477
In base 16, what is -2 + -3d06?
-3d08
In base 5, what is 14343341 - 0?
14343341
In base 10, what is -135444 - -2?
-135442
In base 3, what is -101121210 + 1?
-101121202
In base 2, what is 10010110101 + 1000101?
10011111010
In base 2, what is 100111100100 - 111001?
100110101011
In base 4, what is 11000212 + -2?
11000210
In base 10, what is 14 + -71?
-57
In base 2, what is 1000 + -1010110111011?
-1010110110011
In base 15, what is 3139 - -3?
313c
In base 8, what is -1 - 254455?
-254456
In base 5, what is -1021124 + -10?
-1021134
In base 8, what is 12374 + 61?
12455
In base 2, what is -10010 + -11000100010110?
-11000100101000
In base 6, what is -5 + 4331331?
4331322
In base 11, what is -2 + -24124?
-24126
In base 6, what is 32 - -523055?
523131
In base 9, what is 4 + 58501?
58505
In base 12, what is 8b2a + 11?
8b3b
In base 14, what is 4 + -7b40?
-7b3a
In base 6, what is -1555322 + -4?
-1555330
In base 14, what is -53 + 8817?
87a4
In base 5, what is -3224 - 1313?
-10042
In base 15, what is 14c4 - -c0?
1594
In base 9, what is 2 + -165758?
-165756
In base 10, what is 5630 - 36?
5594
In base 16, what is 7c2 + -6b?
757
In base 11, what is 3 - -2344?
2347
In base 11, what is -8658 + 8?
-8650
In base 9, what is -3 - -418842?
418838
In base 5, what is -22202004 - 3?
-22202012
In base 2, what is -11 + 10000011101111?
10000011101100
In base 13, what is 32 + -689?
-657
In base 13, what is 4773a + -b?
4772c
In base 16, what is 7 - 34?
-2d
In base 8, what is 525307 - 0?
525307
In base 5, what is 240240 - 23?
240212
In base 10, what is 3888 - -13?
3901
In base 5, what is 2 + -122331?
-122324
In base 4, what is -123003 - 123?
-123132
In base 14, what is -23 + 12ba6?
12b83
In base 6, what is -140 - -2403?
2223
In base 15, what is -21 - 2c85?
-2ca6
In base 7, what is 1 + 205640?
205641
In base 9, what is 5773 - -14?
5787
In base 8, what is -303 - -3632?
3327
In base 3, what is 2 - 220002222?
-220002220
In base 2, what is 1100101110000011101101 + 101?
1100101110000011110010
In base 3, what is -1 - -210120201201?
210120201200
In base 9, what is -4 - -140805?
140801
In base 15, what is 11 - -3b7c?
3b8d
In base 14, what is 702 + 4d0?
bd2
In base 13, what is 3966c6 + -2?
3966c4
In base 10, what is 2656 + 28?
2684
In base 16, what is 1c2 + -603?
-441
In base 5, what is -44 + -1121314?
-1121413
In base 5, what is 3023 + -1032?
1441
In base 16, what is -a8 + 2c?
-7c
In base 14, what is 1777a5 - -2?
1777a7
In base 9, what is -48621 + 5?
-48615
In base 14, what is 3 - -36b0?
36b3
In base 15, what is -d2 - -538?
456
In base 16, what is 5 + 3f469?
3f46e
In base 16, what is 4929 - 17?
4912
In base 2, what is 1000000011001111100100 + -10?
1000000011001111100010
In base 13, what is -cc + 111?
12
In base 7, what is 2 + -2511?
-2506
In base 9, what is -1 - -18060?
18058
In base 3, what is 11 - 1101212210101?
-1101212210020
In base 11, what is 1580 + -2?
1579
In base 15, what is 499c - 24?
4978
In base 8, what is -1142314 - -3?
-1142311
In base 6, what is 21015 - -320?
21335
In base 12, what is 3675 + 3?
3678
In base 15, what is -1 + 34d3?
34d2
In base 2, what is -101001 - -111011100?
110110011
In base 7, what is -6 - 43450?
-43456
In base 6, what is -113005 + 10?
-112555
In base 16, what is -800b + -2?
-800d
In base 16, what is 210 - -1ad?
3bd
In base 16, what is -542757 + 1?
-542756
In base 3, what is -12 + -1012202?
-1012221
In base 6, what is 10235 + -3452?
2343
In base 3, what is -12 - -10101022?
10101010
In base 3, what is 21112021 - 201?
21111120
In base 9, what is 2347 - 213?
2134
In base 11, what is 17 - -13527?
13543
In base 3, what is 12111122 - 12211?
12021211
In base 5, what is -110132 - 3?
-110140
In base 5, what is -3 + 12324423?
12324420
In base 16, what is 0 - 4fdf?
-4fdf
In base 4, what is -100022003 - -3?
-100022000
In base 15, what is 3b6 + 0?
3b6
In base 3, what is -20112 - -10200?
-2212
In base 8, what is -677 - 34?
-733
In base 7, what is 4563 + 13?
4606
In base 14, what is -8ab + 6?
-8a5
In base 10, what is -1 + 138739?
138738
In base 2, what is 1101001000111100111 - 10000?
1101001000111010111
In base 7, what is -110642 + 1?
-110641
In base 4, what is -21201103 - 2203?
-21203312
In base 12, what is 4 - 3a0273?
-3a026b
In base 15, what is 44c - 4?
448
In base 10, what is -30 - -660?
630
In base 10, what is 57 - 39?
18
In base 9, what is 5 - -105220?
105225
In base 16, what is -23d4 + 5?
-23cf
In base 10, what is 81062 - 4?
81058
In base 9, what is -241022 - 5?
-241027
In base 8, what is 2133 + 354?
2507
In base 4, what is -1222200 + 13?
-1222121
In base 14, what is -3 + -2665?
-2668
In base 2, what is -1010001111001100100 + 101?
-1010001111001011111
In base 10, what is 1182 + 0?
1182
In base 16, what is f8b + 14?
f9f
In base 3, what is 1001 - 10202202?
-10201201
In base 4, what is -101 + -100223?
-100330
In base 9, what is 141 + 741?
882
In base 7, what is 5236 + -121?
5115
In base 9, what is -1087473 - 5?
-1087478
In base 15, what is -5809bc + 1?
-5809bb
In base 16, what is -84c8 + -5?
-84cd
In base 15, what is d - -661?
66e
In base 15, what is 1824 - 3?
1821
In base 6, what is 0 + -1514404?
-1514404
In base 10, what is -275764 + 1?
-275763
In base 7, what is -4 + 23350?
23343
In base 9, what is 1187 - -266?
1464
In base 5, what is -10 - 11441102?
-11441112
In base 15, what is -a9d - 16?
-ab4
In base 5, what is 1401230 - 220?
1401010
In base 7, what is -14 + -2243311?
-2243325
In base 9, what is -37354 - 2?
-37356
In base 16, what is dc6 - d?
db9
In base 16, what is 334 - -41?
375
In base 11, what is -3 + -4640?
-4643
In base 11, what is 525a8 - -2?
525aa
In base 9, what is 2760 - -2?
2762
In base 2, what is 0 - -100001010101100111?
100001010101100111
In base 3, what is -20221102 + -102011?
-21100120
In base 5, what is 2 - 3230124?
-3230122
In base 10, what is 73729 - 4?
73725
In base 14, what is 7250 - 4?
724a
In base 6, what is 32144 + -10?
32134
In base 15, what is -540 - -c?
-533
In base 2, what is 1001111100100000010 - 1?
1001111100100000001
In base 3, what is 10001 + 201111?
211112
In base 3, what is 2002222 - 21112?
1211110
In base 2, what is -101110000110101011 - -100?
-101110000110100111
In base 8, what is -6272 + 265?
-6005
In base 8, what is -1216 + 24?
-1172
In base 3, what is -2020101 - 201?
-2021002
In base 10, what is -626 + 2?
-624
In base 2, what is -1000000 - -100100111011?
100011111011
In base 11, what is -37 - -45432?
453a6
In base 8, what is 313 - -57?
372
In base 12, what is 8 - 35ab5?
-35aa9
In base 15, what is -23e + -12?
-251
In base 5, what is 20